of i?
9
Suppose 0 = -16*a + 618 + 1942. What is the hundreds digit of a?
1
Let r(f) = f**3 + 18*f**2 - 7*f + 11. What is the hundreds digit of r(-18)?
1
Let i be -11*-4*4/8. What is the tens digit of i - 12 - (-1 + -1)?
1
Suppose 0*z + 30 = 4*z - 2*h, 0 = 2*z + 5*h + 15. Suppose q - 2*b - 315 = 0, -z*q - 2*b = -2*q - 977. What is the tens digit of q?
2
Let z(y) = -2*y. Let a be z(0). Suppose a = -7*s + 8*s - 178. Let k = s + -124. What is the units digit of k?
4
What is the tens digit of 39*44/286 + 225*5?
3
Let v(u) = -u**3 + 7*u**2 + 6*u + 15. Let p be v(8). What is the units digit of (-1 + p - -1)*(-27 + 8)?
9
Let y = -36 - -74. Suppose -5*z = -4*k - 149, y = 4*z + 5*k - 73. What is the tens digit of z?
2
Let p be (12/4)/(-1) - 16. Let v = -9 - p. Let h(q) = -q + 11. What is the units digit of h(v)?
1
Let r = -51 + 263. What is the units digit of 69/46*r/6?
3
Let c = 2 - -2. Suppose 0 = 2*f - 4*f, -c*f = 3*z + 12. Let o = 5 + z. What is the units digit of o?
1
Let q(n) = -25*n - 34. What is the units digit of q(-10)?
6
Suppose u + 1281 = 2*u + 5*w, 2*u = 4*w + 2520. What is the units digit of u?
6
Let q(h) = -2293*h + 76. What is the hundreds digit of q(-2)?
6
What is the tens digit of 5/(-25) + (-16355)/(-25)?
5
Let r = -22 - -34. Suppose r*b - 8*b - 504 = 0. What is the tens digit of b?
2
Let l = -3 + 6. Let m(b) = 9*b**3 - 3*b**2 - 7*b**3 - 20 + 19 - 2*b. What is the units digit of m(l)?
0
Let j = 264 + -149. What is the tens digit of (1 + j)/((5 + -11)/(-6))?
1
Suppose 5*a - 635 = -w, -4*a = -0*w - 3*w + 1829. What is the hundreds digit of w?
6
Let g(h) be the first derivative of 11*h**2 + h - 12. What is the tens digit of g(3)?
6
Suppose k - j - 44 = 0, 0 = 3*k - 4*j - 66 - 67. Let s be (-7)/(-2*(-3)/(-24)). Let n = k - s. What is the units digit of n?
5
Suppose n = 1253 + 19. What is the thousands digit of n?
1
Let x(n) = n + 18. Let h be x(0). Let f be 125/15 - 1/3. Let l = h + f. What is the tens digit of l?
2
Let c = 1 - 1. Let j be -17 - c - (0 - 1). What is the units digit of -2 + (j/(-4) - 1)?
1
Let d(l) = -l**3 - 6*l**2 - 5*l + 12. Let p be d(-5). Let n = p - -38. What is the tens digit of n?
5
Suppose 9*w - 2*w = 10388. What is the units digit of w?
4
Let n be (-4)/10 - 60/(-25). Suppose -4*z = v + 14, v - n*v + 16 = -2*z. What is the units digit of v?
6
Let r(d) = -36*d - 176. Let q be r(-5). Let z = 3 - -1. Suppose 2*s + z*f = q*s - 6, -s = -4*f - 1. What is the units digit of s?
5
Let a = 59 + -63. Let f(t) = -t. Let v be f(-2). What is the tens digit of ((-88)/16)/(v/a)?
1
Let d(a) be the first derivative of 13*a**3/3 + 3*a**2/2 - 8. Let b be d(-5). Suppose -4*s - s + b = 0. What is the tens digit of s?
6
Let p = 2 - -16. What is the units digit of (-6)/27 - ((-1066)/p)/1?
9
Let s = 738 - 360. Let n = -222 + s. What is the hundreds digit of n?
1
Suppose 12*x = 7*x + 20. Suppose -2*s + 288 = -u, x*s + 2*u = 3*s + 139. Suppose -9*k = -424 - s. What is the units digit of k?
3
Let n = 4 + 0. Suppose 15 = -5*m, n*b - 3*m - m - 288 = 0. What is the tens digit of b?
6
Suppose -2*d + 134 = 50. Suppose 3*f = -3*p + 4*f + 24, 0 = -4*p - 2*f + d. What is the tens digit of (-2)/(-6) + 150/p?
1
Let g = -111 + 395. What is the tens digit of g?
8
Let o(k) = -10*k - 2. Let y = -38 + 31. What is the tens digit of o(y)?
6
Let s(p) = -p**3 + 11*p**2 - p + 7. Let k(d) = -3*d**3 + 32*d**2 - 2*d + 22. Let r(h) = 3*k(h) - 8*s(h). Let x be -24*1/12*-4. What is the units digit of r(x)?
6
What is the hundreds digit of (5*6)/(12 + 10153/(-847))?
3
Let c = -1326 + 2127. What is the hundreds digit of c?
8
Let q(b) = b**2 + 2*b + 5. Let w be q(4). Suppose -4*c - 65 = -3*g, -4*g + 99 = -5*c + 12. Let p = w - g. What is the units digit of p?
6
Let l = 330 + -24. Let x = l - 188. What is the hundreds digit of x?
1
Let w be 1 + 0 - 4*(-1)/(-2). Let u(o) = -o**2 - o + 1. Let a be u(1). What is the units digit of a/(-1) - (-2 - w)?
2
Let g(v) = -7*v + 240. What is the tens digit of g(-13)?
3
Let z = -1094 + 1876. What is the tens digit of z?
8
Let n be -2 + 8/(-12)*-3. Let g(y) = y**2 + y + 2. Let a be g(n). What is the tens digit of a/((-8)/92)*-1?
2
Suppose i - 5*f = 5*i - 22, 0 = 4*i - 5*f - 2. Suppose 4*d - 76 = 4*g + 8, i*g = 12. What is the tens digit of d?
2
Suppose b + 6*b = -112. Let z = -58 - b. What is the tens digit of -3*(-4)/(-24)*z?
2
Let z(x) = x**3 + 7*x**2 + 3*x + 16. Let b be z(-7). Let d be 1/(b + 4) - -1. Suppose d*q + 4*q - 201 = -5*c, 5*c - 193 = -2*q. What is the units digit of c?
7
Suppose 0 = 4*z - 4, -q + 2*z - 794 = -5*q. Suppose 0 = 3*t + 45 - q. What is the tens digit of t?
5
Let g(i) = -i + 16. Let v be g(13). What is the units digit of 7*v/3*(-2)/(-2)?
7
Let x = -4 + 6. Suppose -x*z = -7*z + 5. What is the units digit of ((-3 + z)*19)/(-2)?
9
Let k = 80 - 46. Let m = k + -17. What is the units digit of m?
7
Let o(n) be the second derivative of n**5/20 + 5*n**4/12 + 7*n**3/6 + 3*n**2 - 3*n. Let x be o(-4). What is the units digit of x/(-9)*33 + -2?
0
Let s = -7 - -5. Let g be (-5 - s)*172/(-3). What is the tens digit of 2/8 + g/16?
1
Let y(k) = k**3 + 11*k**2 + 3*k + 3. Let h(r) = 1. Let o(m) = 5*h(m) - y(m). What is the units digit of o(-11)?
5
Let b = 0 - 20. Let q be (-8)/b + (-132)/5. What is the units digit of (-10 - -7)/(3/q)?
6
What is the units digit of 6*6/84 + (-259740)/(-70)?
1
Suppose 5*o = -1099 - 106. Let p = -136 - o. Suppose -4*k = k - p. What is the tens digit of k?
2
Let k(j) = 4*j**2 + 16*j + 3. Let p be k(-11). Let i = p + -144. Suppose -2*q - 263 = -5*q - 4*m, 2*q + m - i = 0. What is the units digit of q?
1
Let d = 7095 + -4988. What is the units digit of d?
7
Let h(r) = -r**2 + 13*r + 2. Let v be h(9). Suppose 6*t = 2*m + 2*t - 8, -v = -5*m + t. Suppose -m*d = -10*d + 54. What is the tens digit of d?
2
Suppose -18 = 5*o + 4*h, -o - 6*h = -h + 12. Let k be 4*(-2)/4*o. Suppose -4*q + 52 = -k*a, 5*a + 0*a - 39 = -3*q. What is the tens digit of q?
1
Let q = 3 - 1. Let p be q/(-10) - 78/(-15). Suppose -52 = -3*z - z - w, 5*w + 65 = p*z. What is the tens digit of z?
1
Suppose -m - 3*m = 0. Suppose m = 7*f - 9*f + 22. Suppose f = -k + 2*k. What is the tens digit of k?
1
Let s = -1261 + 2602. What is the thousands digit of s?
1
Let j = -45 - -44. What is the units digit of ((-8)/12 + 1)/(j/(-6))?
2
Suppose 2*t + 3*t = 0. Suppose t = -12*b + b + 275. What is the units digit of b?
5
Let u = 10 + -5. Let t = 20 + -18. Suppose 0 = t*j - u*j + 3. What is the units digit of j?
1
Suppose 166*k - 157*k - 12753 = 0. What is the thousands digit of k?
1
Suppose f + 4*d = 102, -2*d + 207 = 3*f - 49. What is the tens digit of f?
8
Let d(j) = -2*j**2 + 32*j + 877. What is the tens digit of d(0)?
7
Let n(b) = -17. Let g(t) = t + 1. Let p(l) = l**3 + 5*l**2 - l - 4. Let c be p(-5). Let j(y) = c*n(y) + 2*g(y). What is the units digit of j(11)?
7
Let h(f) = -44*f**3 + 5*f**2 + 3*f - 5. What is the units digit of h(-2)?
1
Let u(j) = 126*j + 6. Let h be u(4). Suppose y + 4*y - h = 0. What is the hundreds digit of y?
1
Let g(c) = -c**2 + 17*c - 11. Let n be g(13). Let m = 84 + n. What is the units digit of m?
5
What is the units digit of ((-55)/15 + 4)/((-21)/(-323820))?
0
Let r be 0 + 1 - (-21)/7. Suppose -3*d - 4*i = -12, -d + r*i = -3*d + 12. Suppose d = -2*l + 19 + 27. What is the units digit of l?
3
Let v(s) = -s - 41. Let y(b) = -14. Let o(k) = 3*v(k) - 8*y(k). What is the units digit of o(-8)?
3
Suppose -4*y - v = -41, y + 6 = -0*y + 3*v. Suppose 2*j = j - 174. What is the tens digit of ((-6)/y)/(4/j)?
2
Suppose 0 = 2*x - 5 - 3, o - 25 = -4*x. Let v(f) = f**3 - 38*f**2 + 35*f + 72. Let w be v(37). What is the units digit of (w - 1)*(2 - o)?
1
Let b be 4*-2*(-5 - -4). What is the units digit of b/(-8) + 3*1?
2
Let a(n) = 2*n**2 + 12*n + 8. Let y be (8 - 2)/((-48)/(-64)). What is the units digit of a(y)?
2
Suppose -439*u + 442*u = 6528. What is the tens digit of u?
7
Suppose -4*t - 625 = -2*q + 81, -q + 339 = 5*t. What is the tens digit of q?
4
Let t(j) = 21*j**3 + 2*j**2 - 2*j - 1. Let p = -3 + 5. Let g be t(p). Suppose -4*r - 51 + g = 0. What is the tens digit of r?
3
Let g = -23 + 2. Let y = -21 - g. Suppose 0 = -y*r + 2*r - 14. What is the units digit of r?
7
Suppose a - r = 3*a - 8, -2*r = -4. Let u(p) = -277*p + 550*p